 48. Calculate a(2).
32
Let g(u) = u**2 - 7*u + 15. What is g(-7)?
113
Let s(t) = 92*t - 1373. Calculate s(14).
-85
Let w(c) = 16*c**2 - 107*c + 3. Give w(7).
38
Let u(m) = -593*m - 5889. Determine u(-10).
41
Let n(i) = i**2 + 49*i + 218. Determine n(-38).
-200
Let p(b) = b**2 - 30*b - 17. Give p(14).
-241
Let y(d) = -d**3 - 19*d**2 - 31*d + 116. What is y(-17)?
65
Let s(y) = 1396*y + 25111. Determine s(-18).
-17
Let c(u) = -u**3 - 7*u**2 - 385*u - 1882. Calculate c(-5).
-7
Let z(f) = -60*f**2 - 22*f - 45. What is z(-2)?
-241
Let k(f) = 5*f**2 + 103*f + 75. Determine k(-11).
-453
Let p(t) = -t**2 - 7*t + 5. Calculate p(-5).
15
Let h(n) = -n**3 - 11*n**2 + 451*n + 5534. Determine h(-13).
9
Let l(n) = 832*n - 29956. Give l(36).
-4
Let o(x) = x**3 - 12*x**2 - 40*x - 72. What is o(15)?
3
Let z(m) = -4*m**2 - 73*m - 213. Determine z(-15).
-18
Let i(d) = -d**3 + 69*d**2 + 130*d + 843. Determine i(71).
-9
Let g(n) = -3*n**2 - 6*n - 21. Give g(-3).
-30
Let h(r) = r**3 + 174*r**2 + 2235*r - 713. What is h(-160)?
87
Let c(n) = -n**3 + 20*n**2 + 2501*n - 3. Give c(61).
-3
Let y(o) = -20*o - 564. What is y(-28)?
-4
Let p(x) = 203*x**2 - 6892*x - 341. What is p(34)?
-1
Let j(v) = -17*v + 281. Calculate j(21).
-76
Let o(g) = -2*g**3 - 4*g**2 + 2*g - 10. Determine o(-3).
2
Let x(n) = -49*n + 177. Calculate x(7).
-166
Let j(u) = -6*u**2 + 73*u - 238. What is j(4)?
-42
Let x(f) = -96*f - 17. What is x(0)?
-17
Let c(f) = 6*f**2 + 52*f - 261. Give c(4).
43
Let d(i) = -i**3 + 25*i**2 - 32*i + 795. Calculate d(25).
-5
Let y(m) = -m**3 + 8*m**2 + 63*m - 41. Calculate y(13).
-67
Let l(d) = -d**3 + 16*d**2 - 43*d + 32. Give l(13).
-20
Let h(c) = 2*c**3 + 13*c**2 - 7*c + 8. Give h(-6).
86
Let l(b) = 16*b - 2. What is l(0)?
-2
Let s(x) = 32*x - 4635. Determine s(145).
5
Let i(o) = -o**3 + 36*o**2 - 43*o - 50. Give i(35).
-330
Let y(x) = -29*x - 10. What is y(0)?
-10
Let t(s) = 10*s**2 + 311*s - 284. Give t(-32).
4
Let s(u) = u**3 - 5*u**2 + 24*u - 79. Determine s(4).
1
Let f(x) = 3*x**2 + 121*x + 228. Calculate f(-38).
-38
Let r(t) = 1257*t - 35165. Give r(28).
31
Let n(g) = g**3 + 6*g**2 - 37*g - 49. What is n(-9)?
41
Let x(m) = m**2 + 48*m + 161. Give x(-40).
-159
Let z(c) = -6*c**2 - 34*c + 7. What is z(-5)?
27
Let y(g) = -28*g + 361. What is y(16)?
-87
Let n(g) = g**2 - 2*g - 125. What is n(-13)?
70
Let o(w) = w**2 + 443*w - 4062. Give o(9).
6
Let h(j) = 28*j - 1833. Give h(67).
43
Let d(b) = 2*b**2 - 101*b + 112. Give d(49).
-35
Let w(y) = -y**3 + 17*y**2 - 33*y + 51. Determine w(15).
6
Let v(p) = -2*p**3 + 10*p**2 - 10*p + 42. Determine v(5).
-8
Let k(c) = -c**3 + 10*c**2 - c + 52. Determine k(11).
-80
Let y(b) = 2*b**3 - 52*b**2 + 13*b + 913. Determine y(25).
-12
Let d(w) = -w**2 - 62*w + 160. Calculate d(-63).
97
Let g(l) = -2*l**2 + 305*l - 5517. What is g(21)?
6
Let q(t) = t**3 - 30*t**2 + 5*t - 164. Give q(30).
-14
Let g(f) = -48*f - 419. What is g(-10)?
61
Let i(t) = -t**2 - 249*t + 77214. Determine i(180).
-6
Let m(k) = -20*k**3 - 258*k**2 + 40*k + 174. Determine m(-13).
-8
Let m(t) = 2*t**2 + 46*t - 644. Determine m(0).
-644
Let i(a) = -4*a**3 - 124*a**2 + 4*a + 100. Calculate i(-31).
-24
Let w(o) = -177*o - 43015. Give w(-243).
-4
Let d(v) = 7*v**2 - 59*v - 124. What is d(10)?
-14
Let g(p) = 439*p - 6586. Determine g(15).
-1
Let t(d) = -d**2 - 32*d - 213. Determine t(-11).
18
Let i(q) = -q**2 - 1240*q - 41001. Calculate i(-34).
3
Let f(j) = -j**3 - 18*j**2 - 36*j + 10. Calculate f(-16).
74
Let r(h) = -h**3 - 71*h**2 + 65*h - 590. Calculate r(-72).
-86
Let j(w) = 111*w - 462. Give j(10).
648
Let w(y) = y**3 - 23*y**2 - 414*y + 1. What is w(35)?
211
Let j(p) = 251*p - 4534. Determine j(18).
-16
Let i(u) = u**3 + 24*u**2 + 151*u + 111. Calculate i(-13).
7
Let f(m) = 12*m - 54. What is f(11)?
78
Let x(d) = d**3 - 14*d**2 + 7*d + 41. Give x(12).
-163
Let u(k) = 27*k + 165. Give u(-6).
3
Let b(d) = d**3 - 27*d**2 - 467*d - 44. Determine b(39).
-5
Let d(t) = -t**2 - 157*t - 1466. Give d(-147).
4
Let o(u) = -17*u**2 + 1699*u + 118. Give o(100).
18
Let p(h) = -24*h - 603. What is p(-29)?
93
Let c(z) = z**3 - 24*z**2 - 199*z - 21. Give c(-7).
-147
Let f(r) = 18*r**2 - 1817*r - 77. Calculate f(101).
24
Let r(u) = 2*u**3 - 6*u**2 - 10. Calculate r(5).
90
Let t(j) = -290*j + 2909. Calculate t(10).
9
Let f(k) = 184*k + 1064. What is f(-6)?
-40
Let o(s) = s**3 - 13*s**2 + 12*s - 2. What is o(11)?
-112
Let z(v) = -5*v**3 + 27*v**2 + 23*v - 5. Calculate z(6).
25
Let n(f) = -f**3 - 8*f**2 - 73*f - 403. Calculate n(-6).
-37
Let a(z) = -94*z + 408. Give a(6).
-156
Let w(g) = -g**3 + 6*g**2 - 161*g - 4. Calculate w(0).
-4
Let y(k) = -2*k**2 - 9*k + 7. Calculate y(-9).
-74
Let k(u) = 3*u**3 + 62*u + 121. Give k(-2).
-27
Let c(v) = -2*v**3 + 58*v**2 + 61*v + 4. What is c(30)?
34
Let d(w) = 2*w**2 + 44*w - 165. Give d(-28).
171
Let q(k) = -k**2 + 14*k - 101. What is q(6)?
-53
Let j(l) = -191*l - 6864. Calculate j(-36).
12
Let f(c) = c**3 + 12*c**2 - 54*c - 112. What is f(5)?
43
Let m(w) = -w**2 + 77*w - 1129. Give m(20).
11
Let p(i) = -i**3 - 16*i**2 - 67*i - 26. Give p(-7).
2
Let t(x) = 10*x**2 + 332*x - 245. What is t(-34)?
27
Let t(c) = 44*c**2 + 654*c - 1. Determine t(-15).
89
Let d(i) = 17*i**2 - 124*i + 49. Determine d(7).
14
Let n(m) = -8*m**3 + m**2 + 6*m + 5. Determine n(-2).
61
Let o(z) = -54*z + 270. What is o(7)?
-108
Let l(i) = 207*i - 620. Determine l(8).
1036
Let c(j) = -j**3 - 4*j**2 + 38*j + 24. What is c(-9)?
87
Let k(j) = j**3 - 3*j**2 - 56*j + 203. Determine k(7).
7
Let z(v) = 4*v**3 + 29*v**2 + 8*v + 6. Determine z(-7).
-1
Let j(z) = 2*z**3 - 15*z**2 - 60*z + 313. Determine j(5).
-112
Let o(p) = -3*p**2 - 120*p - 49. What is o(-40)?
-49
Let i(s) = s**3 + 41*s**2 + 24*s + 984. Give i(-41).
0
Let a(w) = 379*w + 46. Calculate a(1).
425
Let r(u) = -u**2 - 195*u - 564. Determine r(-3).
12
Let q(x) = -2*x**3 - 27*x**2 - 24*x + 37. What is q(-12)?
-107
Let z(b) = -5*b**3 + 382*b**2 + 231*b - 5. What is z(77)?
-5
Let v(m) = m**2 + 22*m + 5. Calculate v(4).
109
Let x(v) = 38*v**2 - 51*v + 49. Give x(1).
36
Let f(s) = -9535*s + 9541. Determine f(1).
6
Let f(l) = -l**2 - 144*l - 4096. Give f(-39).
-1
Let p(f) = 14*f - 148. What is p(12)?
20
Let q(g) = -g**3 - 2*g**2 + 69*g - 38. Determine q(7).
4
Let w(n) = 5*n**3 - 6*n**2 - 11*n - 8. Give w(-2).
-50
Let f(h) = -43*h - 520. Determine f(-11).
-47
Let p(d) = -d**2 - 4092*d. Calculate p(0).
0
Let h(t) = -13*t**2 - 288*t - 40. Give h(-22).
4
Let x(v) = -5*v**2 - 28*v - 37. Give x(-10).
-257
Let i(d) = 103*d**3 - 1031*d**2 + 4*d + 60. What is i(10)?
0
Let f(u) = u**3 + 27*u**2 + 19*u - 197. What is f(-25)?
578
Let y(k) = -k**3 + 10*k**2 - 21*k - 34. Determine y(4).
-22
Let y(g) = -2*g**3 + 24*g**2 - 13*g - 95. Give y(11).
4
Let p(t) = t**3 + 31*t**2 + 93*t - 11. Give p(-27).
394
Let x(t) = 83*t - 15355. What is x(185)?
0
Let o(n) = 21*n**3 - 7*n**2 + 11*n + 2. Determine o(2).
164
Let a(z) = -4*z**2 - 2*z - 9. Determine a(-5).
-99
Let a(z) = z**2 - 2*z - 1039. Determine a(33).
-16
Let s(a) = a**2 + 1484*a - 17964. What is s(12)?
-12
Let o(q) = 389*q + 1178. What is o(-3)?
11
Let t(q) = -7*q + 4. What is t(0)?
4
Let r(l) = 25*l - 110. Give r(9).
115
Let s(b) = -52*b - 2483. What is s(-51)?
169
Let q(b) = -344*b + 4804. What is q(14)?
-12
Let x(n) = 4*n**3 - 9*n**2 + 38*n - 127. Calculate x(3).
14
Let d(m) = 3*m**2 + 78*m + 353. Determine d(-6).
-7
Let u(i) = 660*i + 3954. Determine u(-6).
-6
Let k(s) = -94*s + 2802. Give k(30).
-18
Let y(b) = 22379*b - 22375. What is y(1)?
4
Let k(x) = 15*x - 629. Determine k(40).
-29
Let x(a) = 14*a - 415. Give x(45).
215
Let i(j) = -4*j**2 + 58*j - 4. Determine i(12).
116
Let z(l) = -399*l + 3619. Give z(9).
28
Let i(j) = -63*j**2 + 4*j + 5. Calculate i(-1).
-62
Let g(w) = -31*w**2 + 10*w - 59. Calculate g(4).
-515
Let o(v) = -v**3 + 12*v**2 - 7*v - 14. Calculate o(8).
186
Let f(d) = -2134*d - 132294. Determine f(-62).
14
Let q(g) = 11*g + 372. Calculate q(-41).
-79
Let p(x) = -228*x + 7650. Determine p(34).
-102
Let b(g) = -3*g**2 + 68*g - 16. Determine b(12).
368
Let z(t) = -t**3 - 2*t**2 + 17. Calculate z(2).
1
Let g(b) = 598*b + 45. Give g(-1).
-553
Let c(h) = h**2 + 9*h - 24. Determine c(7).
88
Let n(q) = -39*q - 4022. Calculate n(-92).
-434
Let r(h) = 24*h**2 + 40*h - 7. Calcula